 9*f - 129. Let z(o) = -2*o**2 + 3*o + 1. Let i be z(4). Let c = i + w. What are the prime factors of c?
2, 3
Let x be 1 - 2/2*-1. What are the prime factors of ((-124)/(-12))/(x/6)?
31
Let j(q) = q**3 - 8*q**2 + 6*q + 7. Let n be j(7). Suppose 0 = 3*y - n*y - 27. List the prime factors of y.
3
Let i(d) = d**3 - d**2 - d. Let u be i(-3). List the prime factors of 10/2*u/(-5).
3, 11
Suppose 4*t - 4*a + 68 = 20, 2 = -t - a. Let l = t + 17. List the prime factors of l.
2, 5
Let t(g) be the second derivative of -g**5/20 - 5*g**4/6 - g**3/3 + 2*g**2 - 5*g. List the prime factors of t(-10).
2, 3
Suppose -3 = -3*d - n - 0*n, 0 = 4*d + 4*n + 4. Suppose -21 = -d*x - 1. What are the prime factors of x?
2, 5
Suppose 120 = 2*l + 3*l. Suppose l = 3*m + 3*a, 0 = -3*m + 2*a + 4. What are the prime factors of m?
2
Let m(j) = -2*j**3 - 5*j**2 - 3*j - 4. Let g be m(-3). Suppose x - 14 = g. List the prime factors of x.
2, 7
Let i = -3 + -2. Let s = 8 + i. Suppose -g - 4 - 1 = -u, 55 = 4*u + s*g. What are the prime factors of u?
2, 5
Let d(w) = 21*w**2 - w - 1. Let p be d(-1). Let l = 38 - p. List the prime factors of l.
17
Let v(t) = t**3 - 2*t**2 + t + 5. What are the prime factors of v(0)?
5
Suppose -3*p + 327 = 3*u, -2*u - p = -6*p - 232. What are the prime factors of u?
3, 37
Let u = 7 + -32. Let j = u + 39. List the prime factors of j.
2, 7
Let n = -22 - -14. Let b(s) = -s**3 - 8*s**2 - 2*s + 2. What are the prime factors of b(n)?
2, 3
Let q(u) = -30*u - 100. List the prime factors of q(-12).
2, 5, 13
Suppose -3*k = -3*q + 522, -2*q = -0*k - k - 345. What are the prime factors of q?
3, 19
Let r(i) = -i**2 + i + 1. Let d be r(0). What are the prime factors of 34*d*(-3)/(-6)?
17
What are the prime factors of 31473/135 - 6/45?
233
Suppose 3*i + 0*i = 24. Suppose c + i = -3*c. What are the prime factors of (6/(-5))/(c/15)?
3
Let h = 305 + -8. List the prime factors of h.
3, 11
Let d = -291 + 435. List the prime factors of d.
2, 3
Let q be 6/3 - -31 - 4. Let f = q + -13. List the prime factors of f.
2
Let d(w) = w**2 + w - 4. Let q be d(-4). Suppose -q = -0*v - 2*v. List the prime factors of v.
2
Let j(s) = 7*s - 17. List the prime factors of j(23).
2, 3
Suppose 6*q + 35 = q. Let w = -1 - q. List the prime factors of w.
2, 3
Suppose -3*k + 5*m - 3*m + 8 = 0, 0 = -k - 5*m - 3. List the prime factors of (-451)/(-22) - k/4.
2, 5
What are the prime factors of (-4)/2 + (80 - 12)?
2, 3, 11
Suppose 5*i = 3*o + 554, 2*o + 2*o + 230 = 2*i. What are the prime factors of i?
109
Let p(d) = -2*d**2 - 3*d - 1. Let c be p(-3). List the prime factors of (-1)/(-5)*-3*c.
2, 3
Let i(s) = 118*s**2 - 2*s - 1. List the prime factors of i(-1).
7, 17
Let u be 2*(-3 - (-34)/(-4)). Let g = -1 - u. List the prime factors of g.
2, 11
Suppose 4*v + 15 = -t, -3*t - v = v - 5. Suppose 196 = 5*h - 2*u, -2*h + 69 = -t*u - 1. Suppose h + 15 = 5*y. List the prime factors of y.
11
Let r(v) = v**3 - v**2 + v - 1. Let a be r(1). Suppose y = a, -3*f + y = -20 - 67. What are the prime factors of f?
29
Let o = -34 + 24. Let f be (-4)/o - (-24)/15. Let k = f - -9. What are the prime factors of k?
11
Suppose -3*o + 15 = -5*r, -3*r - 28 = o + o. Suppose -2*z - 8 = -f, -2*f - 3*z = 3*f - 14. What are the prime factors of 1/(-1 - r/f)?
2
Suppose 0*s = -5*a + 5*s + 650, 0 = -a - 4*s + 155. What are the prime factors of a?
3, 5
Let w = -11 + 49. What are the prime factors of w?
2, 19
Let x(u) = 4*u - 6. Let r be x(6). Let p = r - 9. List the prime factors of p.
3
Let j = 83 - -4. What are the prime factors of j?
3, 29
Suppose 2*g = -g + 36. Let t = 17 - g. Suppose -79 = -5*p + 3*v, 16 = 2*p + t*v - v. What are the prime factors of p?
2, 7
Suppose 2*h + y = -4*y - 28, -5*y = 5*h + 55. Let v be 2/(-8) + h/(-4). Suppose -2*f + 8 = -3*q, -v*f + 45 = 3*f + 5*q. List the prime factors of f.
7
Suppose -4*y - 3*t = -434, 0 = 4*t - 0 + 8. List the prime factors of y.
2, 5, 11
Let x(l) = 7*l**2 - 3 + 0*l + 2*l - 2. Let u be x(-4). List the prime factors of u/6*(-4)/(-6).
11
Let k(w) = -34*w. Let s be k(-1). Suppose z - 3*z = -s. List the prime factors of z.
17
Let c be (34/(-3))/((-2)/9). Suppose b - 4*b + c = 0. What are the prime factors of b?
17
List the prime factors of 295/20 + (-3)/(-12).
3, 5
Suppose 4*u = -p - p + 62, 5*p - 19 = -2*u. What are the prime factors of u?
17
Suppose -3*b = -0*b - 132. Suppose 5*l + d - 35 = 12, 2*d = -5*l + b. List the prime factors of l.
2, 5
Let v be (10/8)/((-2)/(-8)). Let g = v + -4. What are the prime factors of 15/3*g - 2?
3
Suppose 3*d + 3*y = 105, 2*d + y - 74 = -0*d. List the prime factors of d.
3, 13
Let o(v) = -v**3 - 13*v**2 - 11*v + 14. What are the prime factors of o(-12)?
2
Suppose -28 = 3*c - 4*l, -2*c - l + 12 = -4*c. Suppose 4*u = -18 - 18. Let q = c - u. What are the prime factors of q?
5
Suppose -16*l + 11*l = -70. What are the prime factors of l?
2, 7
Suppose -t + 4 = 5*h + 2, -3 = -3*h. List the prime factors of (3/(-6) + t)*-2.
7
Let n(u) = -u**3 - 5*u**2 + 10. Suppose a - 30 = 4*s - 2*a, -4*s = -2*a + 28. List the prime factors of n(s).
2, 23
Suppose -4*h - 162 = -7*h. What are the prime factors of h?
2, 3
Let f(k) = -4*k + 4. Let g be (3 - 5)*(-10)/(-4). What are the prime factors of f(g)?
2, 3
Let m = -5 - 0. Let i = 4 + m. List the prime factors of i + 4 - (2 - 2).
3
Let j be ((3 - 1)*2)/(-2). Let b = 3 - 0. List the prime factors of (-14)/j - (b + -3).
7
Let h = -10 + 8. Let v = 5 + h. What are the prime factors of v?
3
Suppose 4*x = 28 - 4. Let v be 10/((-15)/x + 3). Suppose 4 + v = 4*g. What are the prime factors of g?
2, 3
Let j be 10/(1/((-2)/(-4))). Suppose 2*h = j*t + 6, 0 = t - 3*t. What are the prime factors of h?
3
Let f be 1 + 0 - (-4 + -61). Let c = 117 - f. List the prime factors of c.
3, 17
Suppose 2*t + 3*t - 2*v = -4, 3*t - 6 = -3*v. What are the prime factors of 20 - (t - (-2)/(-1))?
2, 11
Let j(l) = -l**2 - 7*l - 3. Let v(q) = -4*q**2 - 2*q + 1. Let k(c) = -c**3 + 4*c**2 + 4*c + 6. Let t be k(5). Let h be v(t). List the prime factors of j(h).
7
Let m = -21 + 28. What are the prime factors of m?
7
Let l(i) = 2*i**2 + 11*i - 6. Let k be l(-6). Let g = 30 + k. What are the prime factors of g?
2, 3, 5
Suppose -2*c = c - 57. List the prime factors of c.
19
Let d(v) = v**3 + 10*v**2 - v - 8. Let y be d(-10). Suppose -i + y*i = 19. List the prime factors of i.
19
Let z(u) = 8*u - 8. List the prime factors of z(8).
2, 7
Let k be (-16 + 1)*(-6)/15. Let z be (-38)/k + (-4)/(-12). What are the prime factors of (-3 - -2)*(1 + z)?
5
Suppose -9*v - 1205 = -14*v. List the prime factors of v.
241
Let t = -4 - -8. Suppose -t*w + w - 156 = 0. What are the prime factors of w/(-3) - 1/3?
17
Let l(j) be the third derivative of j**5/30 - j**4/24 - 2*j**2. Let u be l(-4). Let s = u + -21. List the prime factors of s.
3, 5
Let w(t) = -t - 8. List the prime factors of w(-12).
2
Let s = -8 - -254. What are the prime factors of s?
2, 3, 41
Let i(m) = -m**3 - 3*m**2 - 3*m - 4. Suppose -1 = -d - 4. List the prime factors of i(d).
5
Let h(g) = -2*g**3 - 13*g**2 + 2*g - 13. What are the prime factors of h(-7)?
2, 11
Let o be 1/((-5)/2 + 2). Let b be (-1 - o - -3) + 3. Suppose -b = 2*c - 2*f - 19, -5*c + 22 = 3*f. What are the prime factors of c?
5
Suppose -1642 = -8*n - 482. What are the prime factors of n?
5, 29
Let n(g) = -g + 2 - 6*g**2 - 1 + 8*g**2. List the prime factors of n(-4).
37
Suppose 2*g + 8 = 4*l - 18, 0 = -3*l - 2*g + 30. Suppose -t - 2*k + k = -l, -2*k = -2*t + 12. What are the prime factors of t?
7
Suppose -11*i = -9*i - 24. What are the prime factors of i?
2, 3
Let x(i) = i**3 + 8*i**2 + 7*i + 4. List the prime factors of x(-5).
2, 11
Let h be (-4)/(0 - -2) + 30. Let w = h + -2. What are the prime factors of w?
2, 13
Let q(w) = -w**2 + 23*w + 10. List the prime factors of q(10).
2, 5, 7
Let f(i) = i**2 - i + 18. List the prime factors of f(8).
2, 37
Let b be ((-6)/(-15))/(2/210). Let m be (-6)/(-9)*b/4. What are the prime factors of (m/(-2) + 2)*-4?
2, 3
Let h(a) = -5*a**2 - 6*a - 3. Let o(g) = -2*g**2 - 2*g - 1. Let n be 1/(1 + (-12)/11). Let k(u) = n*o(u) + 4*h(u). What are the prime factors of k(2)?
3
Let u be 42 + -2*4/8. Suppose -p + 5*z = -23, -2*p + 5*z + u = -5. What are the prime factors of p?
23
Suppose -3*b + 52 = -26. Suppose -5*l + 2